{"id":1517,"date":"2025-12-29T21:22:50","date_gmt":"2025-12-29T12:22:50","guid":{"rendered":"https:\/\/borinquen08.com\/?page_id=1517"},"modified":"2025-12-29T21:22:50","modified_gmt":"2025-12-29T12:22:50","slug":"capitulo-5-el-julito-rodriguez-reyes-un-genio-musical-subestimado","status":"publish","type":"page","link":"https:\/\/borinquen08.com\/?page_id=1517","title":{"rendered":"Cap\u00edtulo 5 : El Julito Rodr\u00edguez Reyes, un genio musical subestimado"},"content":{"rendered":"<div class=\"float_l p15\"><img decoding=\"async\" src=\"\/wp-content\/uploads\/2023\/01\/julito2-3.jpg\" alt=\"\" width=\"300px\">\n<\/div>\n<div class=\"float_r p15\"><img decoding=\"async\" src=\"\/wp-content\/uploads\/2023\/01\/julito3-4.jpg\" alt=\"\" width=\"300px\">\n<\/div>\n<div style=\"clear:both;\">\nEn 1945, el Alfredo Gil, l\u00edder y la primera guitarra de Tr\u00edo Los Panchos, ide\u00f3 un nuevo instrumento, el Requinto, con ayuda de gran \u201dluthier\u201d artesano  espa\u00f1ol, Vicente Tatay. (A tres voces y tres guitarras, escrito por Pablo Ortiz, pagina 165)<br \/>\nCreo que el &#8220;G\u00fcero&#8221; Gil pensaba que fuera absolutamente necesario un nuevo tipo de instrumento de cuerda pulsada para primera guitarra para hacer realidad la m\u00fasica de tr\u00edo que estaba concibiendo en su mente.<br \/>\nComo esperaba el genio m\u00fasico mexicano de 30 a\u00f1os, el Tr\u00edo Los Panchos renaci\u00f3 con nueva primera guitarra, el \u2018requinto\u2019 y al mismo tiempo, revolucion\u00f3 la m\u00fasica de tr\u00edo.<br \/>\nLa introducci\u00f3n original, el interludio, los pasajes que conectan frases de canciones y los finales interpretados por Alfredo Gil, el inventor de  \u2018requinto\u2019 , llegaron una gran influencia a escala global en los aficionados de m\u00fasica latinoamericana y en los m\u00fasicos.<br \/>\nComo resultado, muchos tr\u00edos de todo el mundo, tanto profesionales como aficionados, comenzaron a copiar el nuevo estilo de interpretaci\u00f3n de Los Panchos con requinto, hasta el punto de que se acu\u00f1\u00f3 el t\u00e9rmino \u2018Panchista\u2019.<br \/>\nEl Tr\u00edo Los Panchos sigui\u00f3 dominando el mundo de m\u00fasica de tr\u00edo durante muchos a\u00f1os despu\u00e9s.<br \/>\nDurante ese tiempo, los l\u00edderes de muchos tr\u00edos profesionales estaban tratando duro por superar la m\u00fasica de Los Panchos. El Julito Rodr\u00edguez Reyes fue uno de ellos.<br \/>\nEn 1957, el  gran m\u00fasico, Julito Rodr\u00edguez form\u00f3 Julito Rodr\u00edguez y su tr\u00edo (A) despu\u00e9s de dejar el Tr\u00edo Los Panchos en el que hab\u00eda estado durante 6 a\u00f1os y comenz\u00f3 el nuevo paso en el mundo de m\u00fasica popular con aquel nuevo Tr\u00edo.<br \/>\nCreo que el Julito Rodr\u00edguez, sin duda, hab\u00eda organizado el nuevo Tr\u00edo para lograr su propia m\u00fasica. El objetivo de Julito Rodr\u00edguez por fin se alcanz\u00f3 y logr\u00f3 crear el Tr\u00edo \u00fanico y diferente al Tr\u00edo Los Panchos.<br \/>\nEl genio m\u00fasico Julito Rodr\u00edguez compuso alrededor de 100 canciones y  tambi\u00e9n cre\u00f3 el bolero, Julito Bolero, con estilo y sabor \u00fanico.<br \/>\nComo resultado, el Julito Rodr\u00edguez, el cantante y el compositor, y Julito Rodr\u00edguez y su tr\u00edo (A) se convirtieron en miembro de \u2018El club de destacados m\u00fasicos y tr\u00edos puertorrique\u00f1os\u2019 que hab\u00edan sido muy apreciados por puertorrique\u00f1os durante muchos a\u00f1os.<br \/>\nPero desgraciadamente, el nacimiento de nuevo Julito Rodr\u00edguez y su tr\u00edo (A) menos se sab\u00edan entre los amantes de m\u00fasica latinoamericana de todo el mundo, con la excepci\u00f3n de las comunidades puertorrique\u00f1as-americanas dispersas por los Estados Unidos.<\/p>\n<p>De la misma manera, hoy en d\u00eda, casi se olvida que el Julito Rodr\u00edguez Reyes fuera el compositor de canci\u00f3n de gran \u00e9xito mundial [Mar y Cielo] y la primera voz que estableci\u00f3 la segunda \u00e9poca de oro del Tr\u00edo Los Panchos.<br \/>\nLos destacados logros de m\u00fasico puertorrique\u00f1o Julito Rodr\u00edguez Reyes tampoco se convirtieron en un tan gran tema de conversaci\u00f3n en el mundo de m\u00fasica popular fuera de Puerto Rico.<br \/>\nA nivel mundial, el m\u00fasico puertorrique\u00f1o m\u00e1s famoso es sin duda Don Rafael Hern\u00e1ndez, el padre de m\u00fasica popular puertorrique\u00f1a. Puerto Rico tambi\u00e9n tiene otros compositores y cantantes de renombre mundial como Pedro Flores o Bobby Cap\u00f3.<br \/>\nMientras tanto, en comparaci\u00f3n con m\u00fasicos mencionados anteriormente, el nombre de Julito Rodr\u00edguez Reyes es menos conocido entre los aficionados de m\u00fasica latinoamericana de todo el mundo. \u00bfPor qu\u00e9 pas\u00f3 esto? Parece que hubieran varios factores posibles.<br \/>\nCreo que el factor m\u00e1s importante sea la pol\u00edtica de Julito Rodr\u00edguez en cuanto a las actividades musicales.<br \/>\nJulito Rodr\u00edguez y su Tr\u00edo (A) llevaba mucho tiempo interpretando en vivo como Tr\u00edo exclusivo en el hotel de lujo en San Juan de Puerto Rico, sin realizar giras en el extranjero.<br \/>\nEsto proporcion\u00f3 al Tr\u00edo un ingreso estable, pero el problema era que la mayor parte de p\u00fablico que escuchaba su interpretaci\u00f3n en vivo en el hotel eran turistas de Los Estados Unidos que no estaban familiarizados con m\u00fasica de tr\u00edo.<br \/>\nInevitablemente, los aficionados de m\u00fasica de tr\u00edos latinoamericanos, as\u00ed como los puertorrique\u00f1os, tuvieron menos oportunidades de escuchar a Julito Rodr\u00edguez y su tr\u00edo (A) en vivo.<br \/>\nSin embargo, durante ese tiempo Julito Rodr\u00edguez y su tr\u00edo (A) continu\u00f3 grabando los mejores \u00e1lbumes de 5 discos, todos los cuales fueron grandes \u00e9xitos no solo en Puerto Rico sino en todo el mundo.<br \/>\nOtro factor importante por lo que este genio m\u00fasico puertorrique\u00f1o, Julito Rodr\u00edguez est\u00e1 en el bajo perfil entre los amantes de m\u00fasica latina en todo el mundo se podr\u00eda haber debido a su propia m\u00fasica.<br \/>\nEste tema tambi\u00e9n se mencionaba en el Cap\u00edtulo 2, III-A. En resumen, la letra de canci\u00f3n rom\u00e1ntica de Julito Rodr\u00edguez es generalmente algo filos\u00f3fica y esot\u00e9rica.<br \/>\nTomemos como ejemplo el bolero rom\u00e1ntico [Mar y cielo], que es una de las canciones m\u00e1s populares de Julito Rodr\u00edguez.<br \/>\nComo ya se present\u00f3 en el Cap\u00edtulo 3, III-7, la interpretaci\u00f3n de [Mar Y Cielo]  es diferente entre las versiones del Tr\u00edo Los Panchos y Julito Rodr\u00edguez y su tr\u00edo (A). Naturalmente, cada oyente tambi\u00e9n se sentir\u00e1 diferente despu\u00e9s de escuchar las dos versiones.<br \/>\n[Mar Y Cielo], interpretada por el Tr\u00edo Los Panchos con Julito Rodr\u00edguez, un joven tenorino de Puerto Rico, se convirti\u00f3 en un gran \u00e9xito, cautivando a gente de todo el mundo, junto con maravillosa introducci\u00f3n compuesta por el genio Alfredo Gil.<br \/>\nPor otro lado, para los oyentes que escuchen por primera vez [Mar Y Cielo], interpretada por el propio Tr\u00edo de compositor y que est\u00e1 llena de la esencia de Julito Bolero, podr\u00eda resultar dif\u00edcil entender el verdadero sabor de esta canci\u00f3n de inmediato.<br \/>\nPara empezar, los respectivos directores musicales de los dos Tr\u00edos, Juito Rodr\u00edguez y Alfredo Gil, ten\u00edan el concepto y el tema musical diferentes para [Mar Y Cielo].  (Cap\u00edtulo 3, III-7, p\u00e1gina 108 y 109)<br \/>\nComo saben, [Mar Y Cielo] interpretada por Julito Rodriguez y su tr\u00edo (A) fue salida al mercado poco m\u00e1s de 5 a\u00f1os despu\u00e9s de Los Panchos.<br \/>\nEntonces, si la primera puesta al mercado de [Mar Y Cielo] hubiera sido la versi\u00f3n de estilo Julito Bolero interpretada por Julito Rodr\u00edguez y su Tr\u00edo (A) en lugar de la versi\u00f3n del Tr\u00edo Los Panchos, esta canci\u00f3n probablemente no se convirti\u00f3 en un gran \u00e9xito mundial.<br \/>\nEl hecho de que Julito Rodr\u00edguez y su tr\u00edo (A) solo dejaron cinco \u00e1lbumes tambi\u00e9n pudiera haber sido una de principales factores por las cuales el nombre de m\u00fasico, Julito Rodr\u00edguez no era tan ampliamente conocido entre los amantes de m\u00fasica latina de todo el mundo.<br \/>\nEl director de Tr\u00edo, Julito Rodr\u00edguez debi\u00f3 querer sacar m\u00e1s \u00e1lbumes de Julito Rodr\u00edguez y su tr\u00edo (A). Aunque no fue su culpa, creo que se haya arrepentido mucho de no haber podido hacerlo.<br \/>\nEl m\u00fasico genio puertorrique\u00f1o form\u00f3 algunos Tr\u00edos aut\u00e9nticos como Julito Rodr\u00edguez y su tr\u00edo (B), Los Tres Grandes, Julito Rodr\u00edguez y su tr\u00edo (C) , luego de disoluci\u00f3n de Julito Rodr\u00edguez y su tr\u00edo (A).<br \/>\nUn total de 22 \u00e1lbumes se hab\u00edan salido al mercado por aquellos tres Tr\u00edos aut\u00e9nticos. Por supuesto, esos 22 \u00e1lbumes contienen m\u00e1s de 10 canciones rom\u00e1nticas nuevas y antiguas y canciones patri\u00f3ticas compuestas por Julito Rodriguez.<br \/>\nComo lo demuestran los hechos arriba, el Julito Rodr\u00edguez dej\u00f3 muchos<br \/>\nlogros en la m\u00fasica de tr\u00edo latinoamericana. Lamentablemente, sin embargo, este m\u00fasico puertorrique\u00f1o que dedic\u00f3 su vida a la m\u00fasica de tr\u00edo durante unos 50 a\u00f1os no recibi\u00f3 mucha atenci\u00f3n en el mundo de m\u00fasica de tr\u00edo centrado en M\u00e9xico.<br \/>\nEl Julito Rodr\u00edguez era exactamente el m\u00fasico de Puerto Rico. Era verdaderamente el compositor muy puertorrique\u00f1o, y los Tr\u00edos que form\u00f3, como Julito Rodr\u00edguez y su Tr\u00edo (A), tambi\u00e9n eran los Tr\u00edos muy puertorrique\u00f1os.<br \/>\nA menudo mis amigos amantes de m\u00fasica latinoamericana me preguntan: \u00bfEl Julito Rodr\u00edguez es el cantante o el compositor?  Siempre les respondo as\u00ed: \u2018 El Julito Rodr\u00edguez es el gran cantante y el gran compositor, o sea,<br \/>\nel gran m\u00fasico\u2019 .<br \/>\nIncluso entre los aficionados de m\u00fasica de tr\u00edo de todo el mundo que no saben que el Julito Rodr\u00edguez Reyes es el compositor con excepcional talento, sea razonablemente conocido el nombre de cantante Julito Rodr\u00edguez, quien ten\u00eda un encanto extraordinario como primera voz de tr\u00edo.<br \/>\nEspecialmente en los pa\u00edses de Europa y el Caribe, donde hab\u00eda realizado frecuentes giras como integrante del Tr\u00edo Los Panchos, creo que el cantante Julito Rodr\u00edguez era apreciado moderadamente.<br \/>\nPor eso, en el mundo de la m\u00fasica latinoamericana en Europa y el Caribe, el Julito Rodr\u00edguez pudo haber sido m\u00e1s famoso como cantante que como compositor.<br \/>\nSi el Julito Rodr\u00edguez no hubiera cantado y seguido siendo compositor toda su vida, habr\u00eda estado clasificado como \u2018uno de principales compositores de Puerto Rico\u2019, junto a Rafael Hern\u00e1ndez y Pedro Flores.<br \/>\nDe esta manera, el Julito Rodr\u00edguez demostr\u00f3 el talento sobresaliente como compositor y cantante. Sin embargo, es dif\u00edcil decir si esto finalmente trajo felicidad a este genio musical puertorrique\u00f1o.<br \/>\nEl Julito Rodr\u00edguez Reyes, el gran m\u00fasico quien hab\u00eda estado querido por todos los puertorrique\u00f1os bajo el apodo de Julito, termin\u00f3 su vida de 87 a\u00f1os y 9 meses el 27 de julio de 2013 en San Juan, Puerto Rico.<br \/>\nEl gran Maestro, Julito Rodr\u00edguez Reyes duerme para siempre en el Cementerio Nacional de Bayam\u00f3n, un suburbio de San Juan, donde ondean las dos banderas de los Estados Unidos y Puerto Rico.\n<\/p><\/div>\n<div class=\"center_img\"><img decoding=\"async\" src=\"\/wp-content\/uploads\/2025\/12\/5-1.jpg\" alt=\"\" width=\"500px\"><br \/>\n<br \/>\nJulito Rodr\u00edguez Reyes, el gran m\u00fasico de Borinquen, descanse en paz, por favor.\n<\/div>\n<h2>Nota de agradecimiento<\/h2>\n<p>Quisiera expresar mi m\u00e1s profundo agradecimiento a los diversos libros al que me remit\u00eda al escribir este ensayo, La M\u00fasica De Julito Rodr\u00edguez Reyes, el gran m\u00fasico de Borinquen.<br \/>\nEntre ellos, los siguientes libros fueron muy \u00fatiles para mi ;<br \/>\n\u273b Historia de la Canci\u00f3n Popular en Puerto Rico,<br \/>\n   escrito por el Sr. Pedro Malavet Vega<br \/>\n\u273b Cien a\u00f1os de BOLEROS,<br \/>\n   escrito por el Sr. Jaime Rico Salazar<br \/>\n\u273b THE TAINOS, Rise &#038; Decline of the People Who Greeted COLUMBUS,<br \/>\n   escrito por el Sr. Irving Rous<br \/>\nMe gustar\u00eda agradecer aqu\u00ed a todos los autores de esos libros.<br \/>\nAdem\u00e1s de los libros mencionados anteriormente, los siguientes dos libros y las revistas \u2018Canciones Populares\u2019 fueron fuentes de informaci\u00f3n esenciales para completar este ensayo.<br \/>\n\u273b A TRES VOCES Y GUITARRAS, Los tr\u00edos en Puerto Rico<br \/>\n\u273b EL Tr\u00edo Los Panchos e Historia y cr\u00f3nica<br \/>\n\u273b La Canci\u00f3n Popular<br \/>\nQuisiera expresar mi m\u00e1s sincero agradecimiento al Pablo Marcial Ortiz Ramos, autor de los dos valiosos libros antes mencionados y editor de revista \u201cLa Canci\u00f3n Popular\u201d.<br \/>\nPor \u00faltimo, pero no menos importante, me gustar\u00eda expresar mi m\u00e1s sincero agradecimiento a la Sra. Mercedes P\u00e9rez Glass, presidenta de AnsoniaRecords, Inc., quien me brind\u00f3 mucha informaci\u00f3n valiosa. <\/p>\n<div class=\"float_l p15\"><img decoding=\"async\" src=\"\/wp-content\/uploads\/2025\/12\/5-2-1.jpg\" alt=\"\" width=\"300px\">\n<\/div>\n<div class=\"float_r p15\"><img decoding=\"async\" src=\"\/wp-content\/uploads\/2025\/12\/5-2-2.jpg\" alt=\"\" width=\"300px\">\n<\/div>\n<div class=\"center_img\" style=\"clear:both;\"><img decoding=\"async\" src=\"\/wp-content\/uploads\/2025\/12\/5-2-3.jpg\" alt=\"\" width=\"350px\"><\/p>\n<\/div>\n<div class=\"center\" >\u2014Fin\u2014 <\/p>\n<p> 2024 \u24b8 Hidesuke Sekine<br \/>E-mail:  tonbo@tune.ocn.ne.jp<\/div>\n","protected":false},"excerpt":{"rendered":"<p>En 1945, el Alfredo Gil, l\u00edder y la primera guitarra de Tr\u00edo Los Panchos, ide\u00f3 un nuevo instrumento, el Requin [&hellip;]<\/p>\n","protected":false},"author":1,"featured_media":0,"parent":0,"menu_order":0,"comment_status":"closed","ping_status":"closed","template":"","meta":{"footnotes":""},"class_list":["post-1517","page","type-page","status-publish","hentry"],"jetpack_sharing_enabled":true,"_links":{"self":[{"href":"https:\/\/borinquen08.com\/index.php?rest_route=\/wp\/v2\/pages\/1517","targetHints":{"allow":["GET"]}}],"collection":[{"href":"https:\/\/borinquen08.com\/index.php?rest_route=\/wp\/v2\/pages"}],"about":[{"href":"https:\/\/borinquen08.com\/index.php?rest_route=\/wp\/v2\/types\/page"}],"author":[{"embeddable":true,"href":"https:\/\/borinquen08.com\/index.php?rest_route=\/wp\/v2\/users\/1"}],"replies":[{"embeddable":true,"href":"https:\/\/borinquen08.com\/index.php?rest_route=%2Fwp%2Fv2%2Fcomments&post=1517"}],"version-history":[{"count":16,"href":"https:\/\/borinquen08.com\/index.php?rest_route=\/wp\/v2\/pages\/1517\/revisions"}],"predecessor-version":[{"id":1537,"href":"https:\/\/borinquen08.com\/index.php?rest_route=\/wp\/v2\/pages\/1517\/revisions\/1537"}],"wp:attachment":[{"href":"https:\/\/borinquen08.com\/index.php?rest_route=%2Fwp%2Fv2%2Fmedia&parent=1517"}],"curies":[{"name":"wp","href":"https:\/\/api.w.org\/{rel}","templated":true}]}}